
Let h = -26 - -14. Let b(t) = t + 16. List the prime factors of b(h).
2
Suppose 3*s = 11*s - 456. What are the prime factors of s?
3, 19
Let h(q) = q - 4. Let l be h(8). Let g = -2 + l. Suppose 3*a + 23 = 2*t, g*a = t - a - 16. What are the prime factors of t?
7
Let a be (22/4)/((-1)/8). Let b = 69 + a. Suppose -7*t + b = -2*t. What are the prime factors of t?
5
Suppose z = 3 + 2. Let l = z + -3. Suppose 2*i - 40 = -3*h - l*i, 0 = 3*h - i - 35. List the prime factors of h.
2, 3
Let n be (1/1)/(4/12). Suppose -n*c - 5*w + 30 = 0, 0 = c - 3*w - 3 - 7. What are the prime factors of 0 + (c - 0) + 1?
11
Let g be (2/(8/340))/1. Suppose 2*o - g = -3*o. List the prime factors of o.
17
Let j(z) = 2*z**2 - 7*z + 1. Let x(a) = -a**2 + 3*a - 1. Let b(l) = 3*j(l) + 5*x(l). Let m be b(7). List the prime factors of 8/5*m/2.
2
Suppose 3*a - 4 - 5 = 0. Suppose r + 3*z - 2 - 23 = 0, -a*r + 2*z + 108 = 0. List the prime factors of r.
2, 17
Let g(q) = -50*q + 1. Let n be g(1). Let b = -35 - n. What are the prime factors of b?
2, 7
Suppose 0 = 4*j + 3*t - 119, -3*j + 6*j - 2*t - 85 = 0. List the prime factors of j.
29
Let b = 71 + -42. What are the prime factors of b?
29
Suppose 5*m - m - 83 = -5*t, 3*m + 85 = 4*t. Suppose -3*j + 5 = 26. Let b = j + t. What are the prime factors of b?
2, 3
Let t be 3/((-1 - 1)/2). Let j = 7 + -1. Let r = j + t. What are the prime factors of r?
3
Suppose -b - 32 = -4*s + b, -4*b = -4*s + 28. List the prime factors of 34/s - 14/(-63).
2
Suppose m - 3*v = 3, 2*m - 11 + 32 = -3*v. Let z be ((-15)/m)/(1/2). Suppose 0*b = -z*b + 10. What are the prime factors of b?
2
Let g(o) = -3*o**3 - 3*o**2 - 21. List the prime factors of g(-4).
3, 41
Let c(w) be the second derivative of 7*w**4/12 - w**3/6 - 2*w. Let z be c(-2). Suppose h - z = -2*h. List the prime factors of h.
2, 5
Suppose -k - k = -4, -5*m = -3*k - 4. Suppose -4*v = m - 22. What are the prime factors of v?
5
What are the prime factors of (3 - (-28)/(-12))*(-288)/(-2)?
2, 3
What are the prime factors of -2*((-6)/4)/((-3)/(-5))?
5
Let p(g) be the third derivative of g**6/120 + g**5/15 - g**4/3 - g**3 + 5*g**2. List the prime factors of p(-4).
2, 13
Let c(l) be the third derivative of 0*l + 1/120*l**6 - 1/15*l**5 - l**2 + 1/8*l**4 + 0*l**3 + 0. List the prime factors of c(4).
2, 3
Suppose 4*i - 124 = -5*c, 68 = -3*i + 4*c + 192. What are the prime factors of i?
2, 3
Suppose 6 = 4*l - 2*l. What are the prime factors of 3/l - (1 + -11)?
11
Let o(q) = q**2 + 4. Let b be o(0). What are the prime factors of (-1)/b - 50/(-8)?
2, 3
Let k = -12 + 22. What are the prime factors of k?
2, 5
List the prime factors of (-16)/48 - ((-1228)/3 + 1).
2, 3, 17
Suppose 7*h - 2499 = -0*h. List the prime factors of h.
3, 7, 17
Suppose 2 - 22 = 3*b - 2*z, 0 = 5*b - z + 38. Let k(m) = 7*m - 4 - 1 - 1 + m**2 + 0. What are the prime factors of k(b)?
2
Let m be 2 + -2 + 0/4. List the prime factors of m/(-5) + 1*27.
3
Let c = -17 + 21. Suppose -p + 120 = c*p. List the prime factors of p.
2, 3
Let h = 10 - 14. Let f = h - -12. What are the prime factors of f?
2
Let i = 15 + -11. Suppose 0 = i*z - 7*z + 36. What are the prime factors of z?
2, 3
Let l be -4 - 2*(-2)/2. What are the prime factors of (-1)/l - (-17)/2?
3
What are the prime factors of ((-3)/2*68)/(-17 - -16)?
2, 3, 17
Suppose 0 = 5*i + 63 - 13. Let v(c) = -c**3 + 7*c**2 - 6*c + 4. Let q be v(5). Let s = q + i. What are the prime factors of s?
2, 7
Let r(p) = 4*p**3 - 3*p**3 + 3*p + 10*p**2 + 9 + 6*p. List the prime factors of r(-9).
3
Let q = -6 - -11. Suppose 0 = -3*r + q*r - 68. List the prime factors of r.
2, 17
Let p be 20/15*(-1 - -28). Suppose 4*w - 3*o = 179 + p, o + 1 = 0. List the prime factors of w.
53
What are the prime factors of ((-15)/6 - 2)/((-9)/198)?
3, 11
Let d = 4 + 8. What are the prime factors of d?
2, 3
Suppose 5*j = 20, -5*y + 369 = -j + 2*j. What are the prime factors of y?
73
Let n = 10 + -7. Suppose 21 - 1 = 4*j + 2*p, -3*j + 3*p = n. What are the prime factors of j?
3
Let r(u) = 7*u - 4. List the prime factors of r(3).
17
Let g be 3/3 + 0/(-1). Suppose z - g = 3*z - k, -4*z + 13 = k. Let i = 9 - z. List the prime factors of i.
7
Let o(k) = -2*k - 19. Let v be o(0). Let c = 23 + v. List the prime factors of c.
2
Let x(g) be the first derivative of -g**3/3 + 4*g**2 - 5*g + 5. What are the prime factors of x(5)?
2, 5
Let v be (-2)/(-4) - (-142)/4. What are the prime factors of (-70)/(-9) - (-8)/v?
2
Suppose -8*w + 769 = -15. What are the prime factors of w?
2, 7
Suppose 4*q - 942 = -2*q. List the prime factors of q.
157
Let r(x) = 2*x. Let c be r(1). Suppose -2*d - 3*g + 37 = 0, -c*d - 4*g + 2 + 32 = 0. Let y = 33 - d. List the prime factors of y.
2, 5
Let a(i) be the second derivative of 13*i**3/3 - i**2/2 - 3*i. What are the prime factors of a(1)?
5
Let w be 6/18 + (-16)/(-6). What are the prime factors of (w - 9)*(-8)/6?
2
Let n = 2 - -2. Suppose -5*y = n*c + 45, 21 = -3*y + 5*c - 6. Let q = y - -18. What are the prime factors of q?
3
Suppose 23 = 5*u - 2. Suppose -k + 1 = -u. List the prime factors of k.
2, 3
Let p be -2 + (-9)/(-3) + -2. What are the prime factors of (p + 3)/((-4)/(-38))?
19
Suppose 3*p - 65 = 4*v - 9*v, -p + 2*v + 18 = 0. Let r = 31 - p. List the prime factors of r.
11
Suppose -s + 2 = s, -s = -i + 3. Let h be (i/12)/(1/6). What are the prime factors of 23/h + 2/(-4)?
11
Let a(s) = -s + 4 + 3 + 0*s - 5. Let g(y) = y**2 - 5*y. Let b be g(5). List the prime factors of a(b).
2
Let b(i) = 6 + 12 - 7*i - 5. List the prime factors of b(-4).
41
Let k = 6 + -10. Let q be ((-3)/(-2))/((-6)/k). Let r = 16 + q. What are the prime factors of r?
17
Let m be 169/3 + (-2)/6. Suppose -5*u + 4*y = 98, 2*u - y + m = -u. What are the prime factors of u/(-3) + (-2)/(-2)?
7
Suppose -5*j - 2 = -17. Suppose -6 = -0*z - j*z. Suppose -2*q + 4*q + 24 = z*i, 0 = -3*i + q + 36. What are the prime factors of i?
2, 3
Let m = -16 + 46. List the prime factors of m.
2, 3, 5
Let y = 2 + 1. Let v(q) = q - 3. Let g be v(y). Suppose 4*h = -2*b + 28, -3*b + 27 = 3*h - g. What are the prime factors of h?
5
Let k = 38 + -6. List the prime factors of k.
2
Let n(t) = -2*t**3 - 5*t**2 - 5*t. Let g(l) = -6*l**3 - 14*l**2 - 14*l. Let a(u) = 5*g(u) - 14*n(u). Let h = -2 - -1. What are the prime factors of a(h)?
2
Let f(m) = -13*m**2 + 1. Let d be f(1). Let w be (d/(-10))/(8/20). Suppose 2*c = -2*k - 0*c + 6, -w*c = -3*k + 39. What are the prime factors of k?
2
Let a(l) = 4*l**3 - 2*l**2 + l + 3. Let c(s) = s**3 + s + 1. Let m(z) = a(z) - 3*c(z). What are the prime factors of m(3)?
3
Let r be 19/4 - 5/(-20). Suppose -4*u - 47 = -r*m, -5*m - 2*u - 41 = -10*m. Suppose y - m = -1. List the prime factors of y.
2, 3
Let n(s) = -3*s**3 - 1. Let z be n(-1). Let w = -1 + z. List the prime factors of (2/(-6))/(w/(-12)).
2
Let x(r) be the first derivative of r**3/3 - 4*r**2 + 7*r - 1. Suppose -2*l - 27 = -5*l. What are the prime factors of x(l)?
2
Suppose 4*u - 2*u - 4*p = 86, 201 = 5*u - 3*p. List the prime factors of 1196/u + (-4)/6.
2, 3, 5
Suppose -5*x + 2*x - m + 38 = 0, -2*x + 12 = 4*m. What are the prime factors of x?
2, 7
Let s be 0/(3/(-6)*-2). Suppose 4*t = 3*a - 22, s = 4*t - 0*a + 4*a + 36. List the prime factors of 0/5 - 1*t.
7
Suppose 4*j + 36 = -0*j. What are the prime factors of 1/((j/(-75))/3)?
5
Let a(q) = -7*q - 3. Let s(z) = -z**3 + z**2 - z - 1. Let c be s(2). What are the prime factors of a(c)?
2, 23
List the prime factors of 6*((-545)/(-15) - -1).
2, 7
Let a(l) = l + 57. Let w(u) = u + 3. Let c be w(-3). Let n be a(c). Suppose n = 4*g - g. What are the prime factors of g?
19
Let k(l) = 2*l**2 - 6*l + 20. What are the prime factors of k(10)?
2, 5
Let v = 5 + -2. Suppose -v*l = -4*f + 32, -l = -f + l + 8. Let d = -4 + f. List the prime factors of d.
2
Suppose -3*w + 335 = -301. List the prime factors of w.
2, 53
List the prime factors of 316 + (-1 - 5)*(-12)/(-18).
2, 3, 13
Suppose 0 = 3*r - 9 - 6, -29 = -2*m - 5*r. Let a be (10/(-15))/(m/(-6)). List the prime factors of 2/(-12)*a*-9.
3
Suppose 0 = 2*t + 6, g + 2*g - 4*t = 39. Let m = g - -23. List the prime factors of m.
2
Suppose 2*o - 5*q = 7 + 13, -2*q = 0. Suppose -1 = -4*m - g, 0 = 2*m - 5*m + 2*g - 2. Let j = o - m. What are the prime factors of j?
2, 5
Suppose 0 = 4*n - 9 - 1